(-1)/(-8) is divided by 95.
90
Let r = -6746 - -7030. What is the remainder when r is divided by 4?
0
Suppose 7 = 3*r + l, l + 2*l = 3. Suppose 3*v = r*o - 93, 3*v + 76 = 5*o - 134. What is the remainder when 271 is divided by o?
37
Suppose 25327 = -324*u + 352243. What is the remainder when u is divided by 114?
97
Let x(d) = 2*d**2 + 34*d + 9. Let l be x(-17). Let a be 5 - 5 - (1 - (l - 0)). Calculate the remainder when 207 is divided by 12*(4/a + 3).
39
Let d(p) = 714*p - 6415. Suppose 2*u - 4*u = -104. What is the remainder when u is divided by d(9)?
8
Let i(l) = -28 - 13*l + 79 + 13 + 30*l. What is the remainder when 180 is divided by i(-3)?
11
Suppose 0 = -53*n + 44*n + 27. Calculate the remainder when 5 is divided by -5 - (n - 9)*1.
0
Let z = 755 - 519. Calculate the remainder when (4 + -3)/(-2 - (-473)/z) is divided by 48.
44
Suppose -g - 5 = -8. Suppose 4*z - i = 222, -i - 5 + g = 0. Calculate the remainder when 211 is divided by z.
46
Let y = -383 - -383. Suppose -2*a + 6 = 0, -4*s + y*s = a - 91. What is the remainder when 62 is divided by s?
18
Let v be 1/(-5) - 2667/(-35). Suppose -5*u + 419 = 13*q - 15*q, -u + 3*q + v = 0. What is the remainder when 330 is divided by u?
75
Suppose -320*h = -357*h - 125 + 6119. Calculate the remainder when h is divided by 25.
12
Let z(g) = -2*g**2 - 19*g + 146. Suppose -d - 5*y = -6, -y + 3*y = 3*d - 35. What is the remainder when z(-12) is divided by d?
9
Let d be (-2)/5*(9 + 1). Calculate the remainder when 4 + (-108)/(-1) + d is divided by 55.
53
Suppose 1140 = 5*h + 5*d, -15*h - 2*d - 674 = -18*h. Calculate the remainder when h is divided by 5.
1
Let t(g) = g**3 + 11*g**2 + 14*g - 73. Calculate the remainder when t(-8) is divided by (3/2)/(57/152).
3
Let t = -7885 - -7938. Calculate the remainder when 4660 is divided by t.
49
Let a = -16712 - -16715. Calculate the remainder when 1382 is divided by a.
2
What is the remainder when 13 is divided by (-18)/7*(-399)/171?
1
Suppose 0 = -6*o + 44 - 14. Calculate the remainder when 1/(-2*o/(-290)) is divided by 10 + (12/(-2) - -4).
5
Let t(j) = j + 48. Let u = 221 - 240. Calculate the remainder when t(u) is divided by 8.
5
Suppose 42*l = 31*l + 814. Suppose 0*s = 4*m + 2*s - 68, 4*s = 2*m - 54. Calculate the remainder when l is divided by m.
17
Suppose -137*c = -139*c + u + 2394, 5*c + 3*u - 6007 = 0. What is the remainder when c is divided by 150?
149
Calculate the remainder when 2*25 - (7 - 7) is divided by 5/(1170/7436) + (-4)/(-18).
18
Let w = 330 + -180. Let k = 183 - w. What is the remainder when 328 is divided by k?
31
Suppose 9*h - 6*h = -393. Let a = h - -143. Calculate the remainder when 129 is divided by a.
9
Let p(c) = c**2 + 5*c - 15. Let a be p(-8). Let j(l) = l**3 - 9*l**2 + 5*l + 7. What is the remainder when j(a) is divided by 2 - (-15)/(-5) - (7 + -19)?
8
Suppose 0 = 2*t + 5*o - 1064, -4*o - 46 - 460 = -t. Calculate the remainder when t is divided by 105.
102
Let u = 2811 - 2383. What is the remainder when u is divided by 13?
12
Let r be 6 - 4*(-2)/(-8). Suppose -a + 37 = -3*z + 7*z, -5 = -r*a. Suppose 0 = -4*g + 2 + 10. Calculate the remainder when z is divided by g.
0
Calculate the remainder when (1/((-20)/48))/((-15)/9325) is divided by 23.
20
Let z be 5/3 + (-2)/(-6). Suppose -3*b + 197 = z. What is the remainder when 584 is divided by b?
64
Let u be (4/3)/((-2)/249). Calculate the remainder when 16/(-12)*45126/(-552) is divided by (-1)/(-3) - u/6.
25
Let x be 48/(-6)*2/(-4). Let w be 4 - -1*8/x. What is the remainder when (-5)/10 - (-57)/w is divided by 4?
1
Let w be 1281/33 - 22/(-121). Suppose 2*y + w = g + 7*y, 21 = g - 4*y. Calculate the remainder when 144 is divided by g.
28
Let u = -7618 - -7699. What is the remainder when 411 is divided by u?
6
Let z = 57 + -51. Suppose -z*r + 2120 = -2*r. Let i = r + -376. Calculate the remainder when i is divided by 26.
24
Suppose -2*z - 4*i = -35 - 209, 4*z - 4*i = 548. Suppose 0 = 11*g - 2090 - 1782. Suppose -11*f = -g - z. What is the remainder when f is divided by 17?
10
Let v be ((-1)/(-2))/((-122)/24 - -5). Let n = -1 + 7. What is the remainder when n is divided by 0 - 3*10/v?
1
Suppose -77*x - 17*x + 368 = -1888. Calculate the remainder when 1828 is divided by x.
4
Let u(y) = -y + 2. Let b be u(2). Suppose b*d - 5*d = -135. Calculate the remainder when d is divided by (-15*16/(-200))/((-3)/(-25)).
7
Let z be -10*(1 - (-3 + 2) - -3). Let d = -72 + 79. Calculate the remainder when (90/z)/(2/(-30)) is divided by d.
6
Let i(x) = -67*x**3 + 8*x**2 + 4*x - 2. What is the remainder when i(-2) is divided by 165?
63
Let h(q) = q**3 + 2*q**2 + 9. Let k be h(-3). Suppose 0 = -2*b - k*b + 4. What is the remainder when 13 + -15 + 124/b is divided by 8?
4
Suppose 4*c = -2*q + 146, -4*q - 102 = -3*c - 9. Let l(j) = -j**3 - 27*j**2 + 10. What is the remainder when l(-27) is divided by 225/c + (-6)/14?
4
Let f = 14 - -24. Suppose -39*v + 30 = -f*v. What is the remainder when v is divided by 22?
8
Let j(m) = -9*m - 10. Let d = 44 + -9. Suppose -5*p = -l - p + d, 5*l - p - 99 = 0. What is the remainder when j(-5) is divided by l?
16
Let x(i) = -i**2 - 165*i + 1845. Let c = 22 - -13. Calculate the remainder when x(-174) is divided by c.
34
Let a(z) = -6*z - 12. Let w(i) = -3*i - 5. Let b(o) = -3*a(o) + 7*w(o). Calculate the remainder when 139 is divided by b(-19).
23
Let y(t) = 123*t - 2911. Calculate the remainder when 202 is divided by y(24).
38
Let k = 8654 - -777. What is the remainder when k is divided by 89?
86
Let q(c) = 832*c + 9119. Calculate the remainder when q(0) is divided by 80.
79
Let i = 52 + -15. Let x = 40 - i. Suppose x*w - 2*g + 20 - 97 = 0, 5*w - g - 140 = 0. Calculate the remainder when w is divided by 6.
5
Let m = -179 + 7. Let t = m - -192. What is the remainder when 35 is divided by t?
15
Suppose -5*v = -5, 2*v = -2*y + 4*v + 184. Let r = -26 + y. Calculate the remainder when r is divided by 2*136/(-48)*-3*1.
16
Let w(m) = -m**3 + 2*m + 7. Let u be w(0). Suppose -6*s + 23 = -u. Suppose -s*x = -371 + 96. What is the remainder when x is divided by 19?
17
Let r = -4002 - -4787. What is the remainder when r is divided by 88?
81
Suppose -4*m - 393 + 388 = -5*i, 0 = -2*m - 5*i + 35. Let r(x) = 21*x. Let w be r(5). Suppose m*v + 0*v = w. What is the remainder when 104 is divided by v?
20
Let a be 0/(1 + 0) + 210/(-30). Let k(j) = -j**3 - 6*j**2 - 4*j + 3. Let b(m) = -m**3 + 7*m**2 - 5*m + 3. What is the remainder when k(a) is divided by b(5)?
24
Let q be -3 + ((-4)/6)/((-30)/945). Suppose 0 = -3*n - 0*n + q. Suppose 0 = -4*m + n + 70. What is the remainder when 34 is divided by m?
15
Let l(p) = -5*p**2 - 7 + 5 + 3*p - 1 + 0*p + p**3. Calculate the remainder when 44 is divided by l(5).
8
What is the remainder when 6826 is divided by 6/5 + 24568/1660?
10
Let n = -33 + 29. Let j(g) = -45*g - 4. Let p be j(n). Suppose -34 = -3*o - 5*r + p, o + r - 68 = 0. Calculate the remainder when o is divided by 35.
30
Let b(o) = 3*o**2 + 316*o + 630. Let n(a) = -a**2 - 12*a + 4. What is the remainder when n(-7) is divided by b(-2)?
9
Let x = 8118 + -8063. What is the remainder when 988 is divided by x?
53
Suppose 15 + 49 = 8*x. Suppose 57 - 17 = x*b. Let v(l) = 10*l - 43. What is the remainder when v(b) is divided by 7?
0
Let h = 1833 - 1642. What is the remainder when h is divided by 13?
9
Let u = 634 + -376. What is the remainder when u is divided by 58 + 9*(0 - -1)?
57
Let v(t) be the second derivative of -t**3/3 + 53*t**2/2 - 3*t - 5. Calculate the remainder when 204 is divided by v(6).
40
Suppose 115*l + 4965 = -104*l + 224*l. Calculate the remainder when l is divided by 52.
5
Let m = 153 + -272. Let j = 122 + m. Let d = -5 + 8. What is the remainder when j is divided by d?
0
Let z = -516 - -514. Calculate the remainder when (6380/(-165))/(z/9) is divided by 35.
34
Let k(m) = -3*m**3 + 189*m**2 - 13*m + 861. What is the remainder when 9038 is divided by k(63)?
8
Let o(y) = -2*y**3 - y + 2. Suppose 75*p - 4*u + 10 = 77*p, 59 = 3*p - 5*u. Calculate the remainder when o(-2) is divided by p.
7
Suppose -c + 675 = 5*a - 2112, -2*c + 2220 = 4*a. Calculate the remainder when a is divided by 57.
46
Let x = 75 - 21. Let z = x - 53. What is the remainder when -113*z/(-2) + 1/(-2) is divided by 15?
11